/3 + 4*x**2 - 50*x. Calculate v(7).
1
Let j(o) = 5*o**2 + 4 + 2*o**3 + 0*o**3 + 3*o - 3*o**3 - 8*o**2. Let k be j(-3). Let h(n) = -n**2 - 6*n - 7. Determine h(k).
-2
Let z(i) be the first derivative of -i**6/180 + i**5/60 - i**4/12 + i**3/3 - 3. Let o(r) be the third derivative of z(r). Determine o(2).
-6
Let g(v) = -4 + 6 + 3*v + 0*v - 1. Calculate g(-1).
-2
Let n(r) = -r. Let c(w) = w**2 + 13*w - 7. Let q be 3/6*(-104)/4. Let k be c(q). Calculate n(k).
7
Let t(k) = 8 + 11 - 29 + 11 - k**2 - 4*k. Suppose -2*u + 0*h = -4*h + 16, 0 = 3*u - 3*h + 21. Determine t(u).
-11
Let a(b) = 6 + 0*b + 4*b - b - 2*b. Determine a(0).
6
Let b(o) = -2*o**2 - 4*o + 1. Let a = -6 + 3. Let f be b(a). Let j(i) = i**2 + 5*i - 2. What is j(f)?
-2
Let s(r) be the second derivative of 1/6*r**3 + 0 + r - 7/2*r**2. Let w = -1 - -6. Give s(w).
-2
Let k(y) be the second derivative of y**3/6 - 17*y**2/2 - 4*y. Determine k(0).
-17
Let m = -6 - -3. Let k be -1*(m - -8)*1. Let b(v) = v**3 + 6*v**2 + 2*v - 6. What is b(k)?
9
Let i(w) = -w**2 - 6*w + 3. Let t = 16 + -21. What is i(t)?
8
Suppose -6*y + y = 0. Let i(t) be the third derivative of 2*t**2 + 0*t - 1/120*t**6 - t**3 + y*t**5 + 1/24*t**4 + 0. Determine i(0).
-6
Let v = 0 - 0. Let j(q) be the first derivative of -1/2*q**2 - 2 - 1/3*q**3 + 1/4*q**4 + 4*q. Calculate j(v).
4
Let c(a) = 2*a**3 - 3*a**2 + a - 2. Let w(j) = 4*j**2 - 2*j. Let r be w(1). Give c(r).
4
Let t be (-6)/9 + (-20)/6. Let y be 45/6*t/(-5). Let s(f) = -f**3 + 7*f**2 - 7*f - 4. Determine s(y).
-10
Let v(n) be the second derivative of n**3/6 - 2*n**2 - 4*n. Determine v(4).
0
Let a(t) = -t**2 + t. Let o(h) = 5*h**2 - 3*h - 2. Let j(k) = -4*a(k) - o(k). Suppose -5*f - 8 = -4*n + 7, -15 = 5*f - n. What is j(f)?
-4
Let b(o) = o**2 - 5*o - 9. Suppose 10*l - 35 = 5*l. What is b(l)?
5
Let i(c) = -c - 3. Let a(h) = h + 4. Let k(s) = -3*a(s) - 4*i(s). Suppose 4*d + 5*q = d + 18, 3*d - 18 = -2*q. What is k(d)?
6
Let c(p) = -p. Suppose v + v = 2. Let f be 0 + (2 + v - 3). What is c(f)?
0
Let c(g) be the first derivative of -g**3 - g**2 + g - 78. Let t be 1 + -1 - 0 - -6. Suppose 4 = -t*u + 4*u. Calculate c(u).
-7
Suppose 2*w + 6 = 0, -2*w + 13 = -5*h + 9. Let j(i) = -2*i + 2. Calculate j(h).
6
Let k(n) be the third derivative of 7*n**5/60 + n**4/8 + n**3/6 - 4*n**2. Let j(x) = 6*x**2 + 3*x + 1. Let d(z) = -6*j(z) + 5*k(z). Give d(-2).
1
Let u(s) = 4*s**3 + 2*s**2 - s + 1. Suppose -2*b - 13 = -9. Determine u(b).
-21
Let a = -106 + 110. Let r(v) = -3*v - 1. Determine r(a).
-13
Suppose -22 = -q - 4*k, -k + 26 = 3*q + k. Let o(n) = -n**3 + 7*n**2 - 6*n + 8. Determine o(q).
8
Let t(c) be the third derivative of -c**9/20160 - c**8/20160 - c**7/2520 - c**6/720 - c**5/20 + c**2. Let o(n) be the third derivative of t(n). Determine o(-1).
3
Let h(s) = -2*s + 5. Suppose -4*o = 20, 27 = 3*f - 2*o + 2. Let x be h(f). Let v(k) = -k**2 - 7*k + 1. Calculate v(x).
11
Let s(k) = 15*k - 17. Let a(r) = -7*r + 8. Let i(z) = -9*a(z) - 4*s(z). Suppose -t - 9 = -4*b, 0 = 2*t + b - 0 - 9. Suppose -t*p = -3 - 6. Calculate i(p).
5
Let l(x) = x + x**3 + 3*x + 6*x**2 - 7 - x. Let u = 2 + -5. Let f = u - 2. Calculate l(f).
3
Let z(t) = -t**2 - 8*t - 4. Let h(a) = -1 - 3 + a - 2*a**2 + 6*a + a**2. Let p be h(7). What is z(p)?
12
Let n(x) = -3*x - 44. Let i(b) = 15 + b + 6*b - 6*b. Let t(u) = 11*i(u) + 4*n(u). Calculate t(0).
-11
Suppose -17 = g + 3*y, g - 6*y + y - 7 = 0. Let t(x) = -x**2 - 7*x + 4. Determine t(g).
-4
Let c(v) = v + 8. Let k be -4 + 5*12/15. What is c(k)?
8
Suppose 3*l + 0*l = 21. Let d(m) = -m**3 + 8*m**2 - 9*m + 10. Let j be d(l). Let q(x) = x**2 + 3*x - 3. Give q(j).
1
Suppose -109*b = -107*b - 4. Let k(q) = 3*q**3 - 4*q**2 + 2*q. What is k(b)?
12
Let a(t) be the first derivative of -t**2/2 - 11*t - 22. Give a(-8).
-3
Let d(f) = -2*f - 2 - f + 5 + 2*f. Determine d(8).
-5
Let l(x) = 2 - x - 7*x**3 - 4*x**2 - 1 + 3*x**2. Suppose -9*t - 2 = 3*i - 8*t, -3*t = 3*i + 12. Give l(i).
-8
Let m = -8 + 16. Let g = -7 + m. Let n(f) = 5*f**2 - 1. What is n(g)?
4
Let b(h) = h**3 - h**2 - h. Let z(m) = -7*m**3 + 9*m**2 + 10*m + 4. Let k(f) = -6*b(f) - z(f). Calculate k(4).
-4
Let k(i) = -7*i - 2. Let a(x) = 20*x + 5. Let v(c) = -6*a(c) - 17*k(c). Determine v(-8).
12
Suppose -2*z = 4 + 4. Let h(y) = 5*y**3 + y**2 - 4*y - 3. Let x(f) = -f**3 + f + 1. Let w(v) = z*x(v) - h(v). Suppose 0 = -3*m - 2*m. Determine w(m).
-1
Let m(q) = -2 + 84*q - 87*q + 7. What is m(4)?
-7
Let v(g) be the second derivative of -g**3 + g**2/2 - 4*g. Let r = 0 + 1. Determine v(r).
-5
Let n(b) = 4*b**2 + 18*b + 2. Let q(x) = x**2 + 6*x + 1. Let t(u) = -3*n(u) + 10*q(u). What is t(5)?
-16
Let l(k) = -2*k - 6. Let c be l(-4). Let f(j) = -2*j**3 + c*j**2 - j**2 + 1 - j + 3*j**2 + j**3. Determine f(2).
7
Let n(s) = -s**3 + 6*s**2 - 3*s - 7. Let a = 116 + -317. Let d be 1/2 + a/(-6). Suppose -4*b = -8, 2*b + 5 = -5*i + d. What is n(i)?
3
Let o(w) = -w**3 + 4*w**2 - 3*w + 2. Let v = 17 + -27. Let h = 13 + v. Determine o(h).
2
Suppose 3*k + p = 7, 0*k + 3*p + 9 = k. Let h(s) = s**3 - s**2 - 2*s - 2. Determine h(k).
10
Suppose 10*r - 11*r + 5 = 0. Let c(z) = z - 6. What is c(r)?
-1
Suppose 5*b - 4 = -3*c, 0*b - 2*c - 10 = -3*b. Let t = b + -7. Let z(p) = -p - 2 + 0*p + 0*p. What is z(t)?
3
Let y(f) = -f**2. Let b(w) = w**3 + 3*w**2 + 2*w + 10. Let a(j) = -b(j) + 3*y(j). Let s be a(-6). Let d(q) = -q + 1. Give d(s).
-1
Suppose -4*i - 5 - 11 = 0. Let z be (-2 - -4)*(-6)/i. Let t(v) = -2*v + v**2 - v**2 + v**z + 1 + v**2. Determine t(1).
1
Let j(r) = -r**2 - 7*r - 7. Let t be j(-5). Suppose 0*y = -3*y + t. Let f(o) = 2*o**3 + 1. Give f(y).
3
Let s(r) be the third derivative of r**6/120 - r**5/30 - r**4/8 - r**3/3 + 47*r**2. What is s(3)?
-2
Let t(d) = 3 + 29*d - 16*d - 14*d + d**2. Determine t(0).
3
Let s be ((-12)/(-18))/((-4)/6). Let o(k) = 6*k. Calculate o(s).
-6
Let u(l) = 3*l**2 + l. Suppose 2*x + 5*t = 17, 0 = 3*x - 2*t + 4 - 1. Suppose 0 = 11*z - 12*z - x. Calculate u(z).
2
Let d(i) = -i**3 + 7*i**2 - 7*i + 9. Suppose f = 2, -5 = 3*n - 5*f - 13. Calculate d(n).
3
Let u(c) = -2*c + 2. Let f(z) = 2*z - 3. Let o be f(2). Let a be u(o). Let y(s) = -s**3 - s**2 - s - 6. Give y(a).
-6
Let c(j) = j**2 - 1. Let b be (35/(-2))/5*2. Let z(d) = d**2 + 6*d - 5. Let l be z(b). Calculate c(l).
3
Let x(g) = g + 13. Let j(o) = -o - 5. Let m be j(-5). Give x(m).
13
Let t(g) = 2*g + 10. Let j be t(-7). Let k(x) = -4*x - 1. Let s be 46/(-14) - (-12)/42. Let q(o) = -o. Let v(a) = s*q(a) + k(a). What is v(j)?
3
Let l(m) = m**3 + 5*m**2 + 4*m + 3. Suppose 11 + 19 = -10*g. What is l(g)?
9
Let f(l) be the first derivative of l**4/4 - l**3/3 - l**2 - 9. Calculate f(2).
0
Let m(a) = -a**3 + 4*a**2 - a - 1. Let o be m(4). Let c(v) be the second derivative of 1/20*v**5 + 1/2*v**4 - v + 0 + 2*v**2 + v**3. Give c(o).
-1
Let p = 7 + -4. Let q(j) = -10*j + j**2 + 0*j**2 - 10*j + 21*j - 2. Determine q(p).
10
Let v(q) = q**2 + 6*q - 4. Let s = 0 - -3. Suppose -s*c = -4*c - 7. Let o be v(c). Let w(g) = -g - 2. What is w(o)?
-5
Let t = -2 - -3. Let r(p) = 6*p**2 + 5*p**2 + p - 34 - 4*p**2 + 33. Give r(t).
7
Let w be 4/(-7) - (-22)/14. Let y(p) = -16*p. Give y(w).
-16
Let t(a) be the third derivative of -a**7/280 - a**6/360 + a**4/24 + a**3/3 + 4*a**2. Let u(i) be the first derivative of t(i). Calculate u(-1).
3
Let s be -1*(-2 + 3) + 6. Let d(j) = -4 + s - j + 2*j**3 - j**2 - 6*j**3. Give d(1).
-5
Let j = 57 + -51. Let a(f) = f**2 - 5*f - 2. Determine a(j).
4
Let x(h) = 2*h**2 + h - 1. Let i be x(-2). Let z be i + 1/(-1) + -2. Let l(s) = -s**3 + s**2 + s + 2. Calculate l(z).
0
Let y(m) = -m**2 + 2*m. Let f be y(2). Let b = 3 - f. Suppose w + 3*s - 19 = b*w, 4*s = -2*w + 16. Let g(d) = d**3 + 2*d**2 + 3*d. What is g(w)?
-6
Suppose 0 = -p - 3*d - 9, -2*p + 0*p + 17 = -d. Suppose 4*y - p*y + 6 = 0. Let t(l) be the first derivative of -l**4/4 + 2*l**3/3 + l**2 - 10. What is t(y)?
-3
Let j(y) = 8*y**3 - 20*y**2 - 11. Let b(n) = -3*n**3 + 7*n**2 + 4. Suppose -6 - 5 = -p. Suppose -2*w + 2 + 6 = 0. Let x(f) = p*b(f) + w*j(f). Give x(-3).
0
Let o = -3 - -7. Suppose -6*y - 12 = -o*y. Let s(n) = -n - 8. What is s(y)?
-2
Let j = 6 + -7. Let w(s) = 4*s**3 - 3*s**2 + 2*s + 5. Let f(y) = -2*y**3 + y**2 - y - 2. Let a(h) = 5*f(h) + 2*w(h). Determine a(j).
2
Let n(i) be 